ed by 102?
18
What is the remainder when 2699 is divided by 449?
5
Calculate the remainder when 14867 is divided by 9.
8
Calculate the remainder when 1805 is divided by 14.
13
What is the remainder when 2620 is divided by 6?
4
Calculate the remainder when 495 is divided by 7.
5
Calculate the remainder when 175 is divided by 47.
34
Calculate the remainder when 104 is divided by 92.
12
What is the remainder when 475 is divided by 14?
13
What is the remainder when 615 is divided by 112?
55
What is the remainder when 124 is divided by 9?
7
What is the remainder when 70 is divided by 30?
10
Calculate the remainder when 1574 is divided by 261.
8
What is the remainder when 66 is divided by 16?
2
Calculate the remainder when 104 is divided by 54.
50
Calculate the remainder when 705 is divided by 54.
3
What is the remainder when 29 is divided by 16?
13
Calculate the remainder when 192 is divided by 11.
5
What is the remainder when 2120 is divided by 302?
6
What is the remainder when 17 is divided by 9?
8
What is the remainder when 471 is divided by 43?
41
Calculate the remainder when 1043 is divided by 47.
9
Calculate the remainder when 41 is divided by 10.
1
Calculate the remainder when 1323 is divided by 111.
102
Calculate the remainder when 114 is divided by 33.
15
Calculate the remainder when 164 is divided by 37.
16
What is the remainder when 103 is divided by 12?
7
What is the remainder when 2628 is divided by 201?
15
Calculate the remainder when 161 is divided by 27.
26
What is the remainder when 1914 is divided by 113?
106
Calculate the remainder when 309 is divided by 27.
12
Calculate the remainder when 168 is divided by 41.
4
What is the remainder when 285 is divided by 210?
75
What is the remainder when 7832 is divided by 140?
132
What is the remainder when 872 is divided by 139?
38
What is the remainder when 5529 is divided by 7?
6
Calculate the remainder when 1434 is divided by 500.
434
What is the remainder when 326 is divided by 15?
11
What is the remainder when 173 is divided by 127?
46
What is the remainder when 107 is divided by 28?
23
What is the remainder when 2188 is divided by 30?
28
What is the remainder when 1718 is divided by 96?
86
Calculate the remainder when 316 is divided by 72.
28
What is the remainder when 83 is divided by 22?
17
What is the remainder when 213 is divided by 55?
48
Calculate the remainder when 318 is divided by 51.
12
Calculate the remainder when 632 is divided by 309.
14
Calculate the remainder when 3436 is divided by 30.
16
Calculate the remainder when 2490 is divided by 8.
2
Calculate the remainder when 409 is divided by 41.
40
What is the remainder when 1264 is divided by 55?
54
What is the remainder when 107 is divided by 92?
15
What is the remainder when 59 is divided by 15?
14
What is the remainder when 2288 is divided by 583?
539
What is the remainder when 956 is divided by 50?
6
Calculate the remainder when 1282 is divided by 11.
6
Calculate the remainder when 1934 is divided by 16.
14
Calculate the remainder when 786 is divided by 11.
5
Calculate the remainder when 12 is divided by 7.
5
What is the remainder when 482 is divided by 17?
6
What is the remainder when 980 is divided by 110?
100
Calculate the remainder when 165 is divided by 47.
24
Calculate the remainder when 966 is divided by 322.
0
Calculate the remainder when 172 is divided by 1.
0
Calculate the remainder when 1426 is divided by 22.
18
Calculate the remainder when 601 is divided by 19.
12
What is the remainder when 122 is divided by 33?
23
Calculate the remainder when 111 is divided by 38.
35
Calculate the remainder when 24 is divided by 16.
8
Calculate the remainder when 705 is divided by 320.
65
What is the remainder when 144 is divided by 78?
66
Calculate the remainder when 256 is divided by 43.
41
Calculate the remainder when 17444 is divided by 26.
24
Calculate the remainder when 713 is divided by 18.
11
Calculate the remainder when 44 is divided by 8.
4
Calculate the remainder when 1447 is divided by 720.
7
Calculate the remainder when 921 is divided by 103.
97
Calculate the remainder when 410 is divided by 130.
20
What is the remainder when 38 is divided by 22?
16
Calculate the remainder when 112 is divided by 7.
0
What is the remainder when 211 is divided by 54?
49
Calculate the remainder when 11309 is divided by 58.
57
What is the remainder when 346 is divided by 66?
16
Calculate the remainder when 160 is divided by 34.
24
Calculate the remainder when 3242 is divided by 191.
186
Calculate the remainder when 577 is divided by 33.
16
Calculate the remainder when 1814 is divided by 121.
120
Calculate the remainder when 83 is divided by 61.
22
Calculate the remainder when 2205 is divided by 735.
0
Calculate the remainder when 48 is divided by 37.
11
Calculate the remainder when 4810 is divided by 107.
102
What is the remainder when 119 is divided by 30?
29
Calculate the remainder when 61 is divided by 45.
16
Calculate the remainder when 9083 is divided by 142.
137
What is the remainder when 150 is divided by 50?
0
Calculate the remainder when 395 is divided by 26.
5
Calculate the remainder when 41172 is divided by 238.
236
What is the remainder when 68 is divided by 14?
12
What is the remainder when 198 is divided by 29?
24
Calculate the remainder when 2391 is divided by 39.
12
What is the remainder when 4442 is divided by 79?
18
Calculate the remainder when 1497 is divided by 19.
15
Calculate the remainder when 120 is divided by 66.
54
What is the remainder when 244 is divided by 68?
40
Calculate the remainder when 196 is divided by 36.
16
What is the remainder when 86 is divided by 83?
3
What is the remainder when 767 is divided by 43?
36
Calculate the remainder when 8 is divided by 8.
0
What is the remainder when 3413 is divided by 70?
53
What is the remainder when 1137 is divided by 380?
377
Calculate the remainder when 176 is divided by 30.
26
Calculate the remainder when 391 is divided by 66.
61
Calculate the remainder when 108 is divided by 56.
52
Calculate the remainder when 462 is divided by 96.
78
Calculate the remainder when 173 is divided by 70.
33
Calculate the remainder when 1878 is divided by 42.
30
What is the remainder when 70 is divided by 58?
12
What is the remainder when 325 is divided by 22?
17
Calculate the remainder when 24 is divided by 14.
10
Calculate the remainder when 316 is divided by 46.
40
Calculate the remainder when 936 is divided by 48.
24
Calculate the remainder when 81 is divided by 26.
3
Calculate the remainder when 125 is divided by 16.
13
What is the remainder when 428 is divided by 72?
68
What is the remainder when 2730 is divided by 85?
10
What is the remainder when 395 is divided by 193?
9
What is the remainder when 155 is divided by 29?
10
Calculate the remainder when 196 is divided by 22.
20
What is the remainder when 205 is divided by 19?
15
What is the remainder when 2505 is divided by 19?
16
Calculate the remainder when 2886 is divided by 38.
36
Calculate the remainder when 2173 is divided by 32.
29
What is the remainder when 113 is divided by 25?
13
Calculate the remainder when 1439 is divided by 45.
44
What is the remainder when 91 is divided by 54?
37
What is the remainder when 802 is divided by 397?
8
Calculate the remainder when 44 is divided by 36.
8
What is the remainder when 671 is divided by 167?
3
What is the remainder when 288 is divided by 64?
32
Calculate the remainder when 34 is divided by 7.
6
What is the remainder when 50 is divided by 27?
23
Calculate the remainder when 187 is divided by 24.
19
Calculate the remainder when 1104 is divided by 69.
0
Calculate the remainder when 326 is divided by 87.
65
What is the remainder when 409 is divided by 59?
55
What is the remainder when 207 is divided by 69?
0
Calculate the remainder when 34058 is divided by 260.
258
Calculate the remainder when 345 is divided by 29.
26
Calculate the remainder when 62 is divided by 1.
0
What is the remainder when 524 is divided by 79?
50
Calculate the remainder when 35 is divided by 22.
13
Calculate the remainder when 284 is divided by 13.
11
Calculate the remainder when 4175 is divided by 6.
5
Calculate the remainder when 347 is divided by 32.
27
What is the remainder when 112 is div